{"id":17,"date":"2020-02-22T16:10:31","date_gmt":"2020-02-22T16:10:31","guid":{"rendered":"https:\/\/www.studiografologicobravo.it\/?page_id=17"},"modified":"2020-09-14T14:11:01","modified_gmt":"2020-09-14T14:11:01","slug":"17-2","status":"publish","type":"page","link":"https:\/\/www.studiografologicobravo.it\/","title":{"rendered":"Prof. Alberto Bravo"},"content":{"rendered":"\n<p class=\"has-text-align-center wp-block-paragraph\">Presidente dell&#8217;Istituto Superiore di Grafologia, con sede in Roma<br>Docente di &#8220;<em>Grafologia Applicata<\/em>&#8220;, &#8220;<em>Grafologia Peritale<\/em>&#8221; e &#8220;<em>Perizie Grafologich<\/em>e&#8221; alla <a href=\"https:\/\/www.scuolasuperioredigrafologia.it\" target=\"_blank\" rel=\"noreferrer noopener\">Scuola Superiore di Grafologia<\/a> di Roma, presso l&#8217;Istituto Scolastico Seraphicum di Roma<br>Consulente tecnico iscritto presso CCIAA e Tribunale<br>Socio fondatore e Vice Presidente dell&#8217;A.N.I.Gra.F.E.D. (Associazione Nazionale Italiana Grafologi Forensi ed Esperti Documentali)<br>Gi\u00e0 Professore Universitario a contratto di Grafologia Peritale, Universit\u00e0 degli Studi di Urbino,<br>Gi\u00e0 Professore Universitario a contratto di Grafologia Peritale e Investigativa, Universit\u00e0 di Bologna Alma Mater Studiorum, campus di Forl\u00ec <\/p>\n","protected":false},"excerpt":{"rendered":"<p>Presidente dell&#8217;Istituto Superiore di Grafologia, con sede in RomaDocente di &#8220;Grafologia Applicata&#8220;, &#8220;Grafologia Peritale&#8221; e &#8220;Perizie Grafologiche&#8221; alla Scuola Superiore di Grafologia di Roma, presso l&#8217;Istituto Scolastico Seraphicum di RomaConsulente tecnico iscritto presso CCIAA e TribunaleSocio fondatore e Vice Presidente dell&#8217;A.N.I.Gra.F.E.D. (Associazione Nazionale Italiana Grafologi Forensi ed Esperti Documentali)Gi\u00e0 Professore Universitario a contratto di Grafologia [&hellip;]<\/p>\n","protected":false},"author":1,"featured_media":11,"parent":0,"menu_order":0,"comment_status":"closed","ping_status":"closed","template":"","meta":{"footnotes":""},"class_list":["post-17","page","type-page","status-publish","has-post-thumbnail","hentry"],"_links":{"self":[{"href":"https:\/\/www.studiografologicobravo.it\/index.php?rest_route=\/wp\/v2\/pages\/17","targetHints":{"allow":["GET"]}}],"collection":[{"href":"https:\/\/www.studiografologicobravo.it\/index.php?rest_route=\/wp\/v2\/pages"}],"about":[{"href":"https:\/\/www.studiografologicobravo.it\/index.php?rest_route=\/wp\/v2\/types\/page"}],"author":[{"embeddable":true,"href":"https:\/\/www.studiografologicobravo.it\/index.php?rest_route=\/wp\/v2\/users\/1"}],"replies":[{"embeddable":true,"href":"https:\/\/www.studiografologicobravo.it\/index.php?rest_route=%2Fwp%2Fv2%2Fcomments&post=17"}],"version-history":[{"count":6,"href":"https:\/\/www.studiografologicobravo.it\/index.php?rest_route=\/wp\/v2\/pages\/17\/revisions"}],"predecessor-version":[{"id":74,"href":"https:\/\/www.studiografologicobravo.it\/index.php?rest_route=\/wp\/v2\/pages\/17\/revisions\/74"}],"wp:featuredmedia":[{"embeddable":true,"href":"https:\/\/www.studiografologicobravo.it\/index.php?rest_route=\/wp\/v2\/media\/11"}],"wp:attachment":[{"href":"https:\/\/www.studiografologicobravo.it\/index.php?rest_route=%2Fwp%2Fv2%2Fmedia&parent=17"}],"curies":[{"name":"wp","href":"https:\/\/api.w.org\/{rel}","templated":true}]}}

<p class="has-text-align-center wp-block-paragraph">Presidente dell&#8217;Istituto Superiore di Grafologia, con sede in Roma<br>Docente di &#8220;<em>Grafologia Applicata</em>&#8220;, &#8220;<em>Grafologia Peritale</em>&#8221; e &#8220;<em>Perizie Grafologich</em>e&#8221; alla <a href="https://www.scuolasuperioredigrafologia.it" target="_blank" rel="noreferrer noopener">Scuola Superiore di Grafologia</a> di Roma, presso l&#8217;Istituto Scolastico Seraphicum di Roma<br>Consulente tecnico iscritto presso CCIAA e Tribunale<br>Socio fondatore e Vice Presidente dell&#8217;A.N.I.Gra.F.E.D. (Associazione Nazionale Italiana Grafologi Forensi ed Esperti Documentali)<br>Già Professore Universitario a contratto di Grafologia Peritale, Università degli Studi di Urbino,<br>Già Professore Universitario a contratto di Grafologia Peritale e Investigativa, Università di Bologna Alma Mater Studiorum, campus di Forlì </p>

<p>Presidente dell&#8217;Istituto Superiore di Grafologia, con sede in RomaDocente di &#8220;Grafologia Applicata&#8220;, &#8220;Grafologia Peritale&#8221; e &#8220;Perizie Grafologiche&#8221; alla Scuola Superiore di Grafologia di Roma, presso l&#8217;Istituto Scolastico Seraphicum di RomaConsulente tecnico iscritto presso CCIAA e TribunaleSocio fondatore e Vice Presidente dell&#8217;A.N.I.Gra.F.E.D. (Associazione Nazionale Italiana Grafologi Forensi ed Esperti Documentali)Già Professore Universitario a contratto di Grafologia [&hellip;]</p>
